 to base 8
31757
What is -34b4 (base 14) in base 13?
-4239
Convert -10d (base 15) to base 4.
-3232
Convert 27865 (base 10) to base 4.
12303121
-8b (base 14) to base 3
-11120
Convert 3b5 (base 13) to base 12.
467
What is 2333100 (base 4) in base 5?
342430
What is 935 (base 15) in base 8?
4033
Convert -2745 (base 10) to base 14.
-1001
-12821 (base 12) to base 16
-6319
-b3 (base 12) to base 4
-2013
What is -10201121 (base 3) in base 14?
-dc0
Convert 16275 (base 9) to base 5.
324130
Convert 134c (base 14) to base 12.
1b74
Convert -ae0 (base 15) to base 12.
-1510
-190 (base 14) to base 11
-273
227a (base 11) to base 12
1893
1586 (base 9) to base 13
723
Convert 166a (base 15) to base 14.
1a89
What is -58a (base 12) in base 6?
-3454
What is -1100000011 (base 2) in base 14?
-3d1
Convert -11111110001 (base 2) to base 13.
-c05
Convert -12355 (base 8) to base 5.
-132412
-117 (base 14) to base 8
-331
237 (base 9) to base 5
1241
Convert 12012232 (base 4) to base 10.
25006
Convert 10120313 (base 4) to base 3.
220122202
15d (base 16) to base 13
20b
Convert 1423 (base 7) to base 6.
2324
Convert -129 (base 15) to base 16.
-108
What is 231110 (base 7) in base 3?
2002112112
What is -120220 (base 3) in base 9?
-526
-13322 (base 4) to base 11
-420
Convert -40267 (base 8) to base 16.
-40b7
-1a782 (base 11) to base 7
-150136
What is b (base 16) in base 10?
11
2aa48 (base 11) to base 16
ab4e
Convert -54505 (base 7) to base 2.
-11010100111011
What is 1b3 (base 14) in base 2?
101100001
-3271 (base 10) to base 14
-1299
Convert 2101 (base 7) to base 15.
341
33338 (base 9) to base 7
121400
-3e5 (base 15) to base 2
-1101111010
100321 (base 4) to base 16
439
What is 742 (base 10) in base 9?
1014
What is -30611 (base 8) in base 3?
-122101200
-4b2 (base 12) to base 10
-710
Convert -1222 (base 4) to base 7.
-211
Convert 5515 (base 6) to base 5.
20041
What is 21eb (base 15) in base 3?
100212112
11101 (base 2) to base 16
1d
What is -5447 (base 9) in base 11?
-3018
What is -203225 (base 6) in base 11?
-11269
-10111111101010 (base 2) to base 11
-9241
Convert 1102222021 (base 3) to base 5.
1402121
Convert -2496 (base 11) to base 15.
-e6b
What is 1100011 (base 2) in base 15?
69
What is 25085 (base 9) in base 13?
7889
What is 40416 (base 7) in base 8?
23125
222203 (base 4) to base 12
16ab
1110000100000 (base 2) to base 7
26664
Convert 21110 (base 3) to base 4.
3021
Convert 101443 (base 5) to base 10.
3373
What is b86b (base 14) in base 16?
7c67
What is 15250 (base 6) in base 12?
1526
Convert 12311 (base 4) to base 2.
110110101
-b329 (base 15) to base 14
-db0b
What is 10111010000110 (base 2) in base 16?
2e86
Convert 1b1b (base 14) to base 11.
3778
-3208 (base 12) to base 5
-133410
10212 (base 5) to base 2
1010101010
Convert -1002331 (base 4) to base 16.
-10bd
Convert 284c (base 15) to base 3.
102211100
Convert 21306 (base 7) to base 9.
7236
-3045 (base 9) to base 6
-14152
Convert -101110011110010 (base 2) to base 10.
-23794
-4144 (base 5) to base 7
-1413
-1b (base 14) to base 4
-121
What is -599 (base 11) in base 7?
-2036
ba1 (base 15) to base 11
1a78
Convert 50 (base 7) to base 6.
55
Convert -148b (base 14) to base 9.
-5006
What is 646 (base 7) in base 9?
404
Convert -412324 (base 6) to base 14.
-c020
Convert -3c90 (base 13) to base 7.
-34320
What is -200021000 (base 3) in base 16?
-33ff
What is -23451 (base 9) in base 8?
-36477
-388 (base 10) to base 12
-284
206506 (base 7) to base 4
20301103
-7471 (base 8) to base 13
-1a0a
-1c7 (base 15) to base 14
-216
2583 (base 12) to base 16
10b3
363 (base 9) to base 7
606
-111020000 (base 3) to base 13
-4506
20211 (base 4) to base 15
269
What is -111010110110 (base 2) in base 12?
-221a
Convert -53cc (base 15) to base 4.
-10111032
-1a1 (base 11) to base 16
-e8
Convert 65272 (base 8) to base 12.
1398a
Convert 1115 (base 6) to base 11.
21a
-100010111110 (base 2) to base 5
-32423
1001110001100011 (base 2) to base 3
2000220210
-16244 (base 11) to base 10
-22917
34000 (base 6) to base 15
161c
-1127 (base 11) to base 14
-77b
What is -44555 (base 6) in base 9?
-8528
What is 8a (base 14) in base 13?
95
What is 561 (base 9) in base 13?
295
What is -132105 (base 6) in base 15?
-38e2
-5464 (base 7) to base 2
-11110100101
Convert -87d (base 15) to base 2.
-11101111110
-1056 (base 7) to base 6
-1440
What is 969 (base 10) in base 6?
4253
-11342 (base 12) to base 6
-254122
1433 (base 11) to base 15
836
What is -2366 (base 11) in base 16?
-c19
26261 (base 7) to base 2
1101101011001
Convert -5308 (base 10) to base 16.
-14bc
Convert 2507 (base 9) to base 3.
2120021
What is 2a0 (base 14) in base 15?
257
-110200210 (base 3) to base 4
-2100213
-1444 (base 7) to base 16
-23b
Convert -1ad4 (base 16) to base 11.
-5184
1252 (base 7) to base 2
111011110
Convert 45994 (base 10) to base 2.
1011001110101010
What is -5537 (base 8) in base 6?
-21251
What is -5241 (base 12) in base 4?
-2030101
What is -f435 (base 16) in base 8?
-172065
What is -1106 (base 9) in base 11?
-682
Convert -8757 (base 13) to base 14.
-6c11
57221 (base 8) to base 9
36178
1113 (base 7) to base 10
402
3571 (base 11) to base 5
122201
-20 (base 5) to base 7
-13
Convert 1a6a4 (base 12) to base 13.
149a4
What is 680 (base 10) in base 7?
1661
-3 (base 9) to base 5
-3
Convert -11001100111 (base 2) to base 9.
-2221
Convert 477 (base 15) to base 3.
1101111
What is -105306 (base 7) in base 12?
-a983
What is -1a07 (base 11) in base 10?
-2548
4246 (base 7) to base 16
5e0
-101211 (base 3) to base 7
-565
Convert -11111110101111 (base 2) to base 8.
-37657
7602 (base 13) to base 6
203523
-190b (base 12) to base 5
-44120
What is -40a (base 11) in base 16?
-1ee
-45452 (base 6) to base 15
-1d95
Convert 11111101111 (base 2) to base 14.
a51
259 (base 11) to base 6
1230
What is 112300 (base 4) in base 16?
5b0
What is -44800 (base 9) in base 3?
-1111220000
699 (base 14) to base 11
a92
-4ba (base 14) to base 9
-1263
21f (base 16) to base 4
20133
Convert 9512 (base 11) to base 10.
12597
What is -3a3 (base 12) in base 6?
-2323
Convert 18b7 (base 13) to base 2.
111001110011
-210 (base 7) to base 16
-69
What is 2465 (base 8) in base 9?
1741
877 (base 9) to base 10
718
-123120 (base 4) to base 10
-1752
1001211 (base 3) to base 12
54a
Convert -4775 (base 8) to base 15.
-b57
Convert 200202111 (base 3) to base 10.
13675
-13110 (base 4) to base 14
-256
Convert 1852 (base 12) to base 3.
11000222
Convert -470 (base 14) to base 6.
-4030
3322 (base 7) to base 4
102220
Convert -21320321 (base 4) to base 13.
-1558a
Convert 78861 (base 9) to base 4.
30303232
What is 1100001000 (base 2) in base 12?
548
What is -8a (base 12) in base 6?
-254
Convert -388 (base 10) to base 2.
-110000100
147 (base 12) to base 16
c7
What is 506 (base 9) in base 10?
411
314 (base 12) to base 10
448
Convert -67151 (base 8) to base 11.
-1a266
-555c (base 15) to base 10
-18087
-24162 (base 8) to base 11
-7863
Convert 1157 (base 9) to base 10.
862
What is 27744 (base 8) in base 14?
467a
What is 223423 (base 5) in base 14?
2ca8
-112000202 (base 3) to base 6
-115202
12011101 (base 3) to base 15
11ad
22979 (base 14) to base 4
110203133
What is 4ab (base 12) in base 2?
1011000011
What is 6b4d (base 14) in base 9?
27565
1111200 (base 3) to base 8
2112
Convert 7784 (base 11) to base 12.
5b28
Convert 3ab (base 12) to base 4.
20303
What is -3340 (base 6) in base 3?
-1001220
What is 110001001111011 (base 2) in base 10?
25211
What is -1d61 (base 16) in base 2?
-1110101100001
Convert -212021200 (base 3) to base 6.
-210330
50433 (base 8) to base 2
101000100011011
Convert -110110000000110 (base 2) to base 11.
-19860
What is 35462 (base 7) in base 4?
2033012
-1a0d (base 16) to base 13
-3060
What is -14574 (base 8) in base 14?
-2540
Convert -661 (base 16) to base 14.
-849
Convert -1430034 (base 5) to base 2.
-111010101000011
-304320 (base 6) to base 16
-5ef8
Convert 6f72 (base 16) to base 10.
28530
1722 (base 8) to base 9
1306
What is -94a4 (base 13) in base 3?
-1001020100
9d13 (base 15) to base 4
20020212
Convert -315 (base 14) to base 7.
-1525
What is -77b6 (base 13) in base 11?
-11612
What is -102022222 (base 3) in base 12?
-4945
Convert b26 (base 12) to base 10.
1614
Convert 11256 (base 9) to base 4.
1311033
-2330323 (base 4) to base 3
-121120211
aab (base 15) to base 16
96